*p + 3. Suppose -15 = 3*k + 3*z, -k - 3*z - 7 = 6. What is the remainder when c(k) is divided by 10?
5
Suppose 3*o - 23 = 5*k, 2*k + o + 11 = -k. Let m(w) = w**2 + w - 1. What is the remainder when (-2)/(-7) - (-290)/14 is divided by m(k)?
10
Let z be (9/(-15))/(3/15). Let i(c) = -c**2 - 3*c. Let w be i(z). Suppose -k = -4*t + 11, 4*t + w = -2*k + 2. Calculate the remainder when t is divided by 2.
0
Suppose 0*v + 184 = 4*v + 2*c, -3*v - 4*c + 128 = 0. Calculate the remainder when v is divided by 17.
14
Let d = -11 + 27. Calculate the remainder when 45 is divided by d.
13
Calculate the remainder when 145 is divided by 8 - 10 - (-1 - (-1 - -39)).
34
Let s = 24 + -16. Calculate the remainder when s is divided by 4.
0
Let s(p) = 1. Let r(f) = f**2 + f - 5. Let h(g) = r(g) + 3*s(g). What is the remainder when 18 is divided by h(-4)?
8
Let z(r) = r**3 - 3*r**2 + 5. Calculate the remainder when 83 is divided by z(4).
20
Suppose -5*b = -215 + 30. Suppose 0*q + 309 = 4*q + o, -306 = -4*q - 2*o. What is the remainder when b is divided by (-10)/(-15)*q/4?
11
Suppose 0 = 4*n - 3*j - 3, -4*j + 0 - 4 = 4*n. Suppose 5*v - 255 = -n*v. Let p = 81 - v. Calculate the remainder when p is divided by 16.
14
Let r = 91 - 80. Calculate the remainder when 30 is divided by r.
8
Let h = -7 - -7. Suppose 4*l - 20 = -h*l, -l + 293 = 4*i. Calculate the remainder when i is divided by 19.
15
Suppose 1 - 16 = 5*p, -2*p + 99 = 5*z. What is the remainder when z is divided by (2/(-3) - (-138)/18) + 1?
5
Let i = -37 + 60. Let r = 88 - -3. What is the remainder when r is divided by i?
22
Suppose 5*i + 14 = 2*l - l, -i = l - 8. What is the remainder when 24 is divided by l?
6
Let r(v) = 5*v + 12. What is the remainder when r(9) is divided by 15?
12
Suppose n = -3*n. Suppose -b - 6 = -3*b, -m - 4*b + 45 = n. Calculate the remainder when m is divided by 18.
15
Let q be 4/24 - 178/(-12). Suppose -q - 1 = -2*l + 5*i, 2*l - 8 = 3*i. Let p = 11 - l. What is the remainder when 50 is divided by p?
11
Suppose -2*z + 18 = -3*q, z - 6*z + 22 = 4*q. Suppose 0 = -5*o - 3*n + 5, n + z = 1. What is the remainder when 6 + -1 + 2 + -1 is divided by o?
2
What is the remainder when (-1180)/(-12) - 4/(-6) is divided by 25?
24
Let x(m) = 2*m**2 - m + 3. Calculate the remainder when 119 is divided by x(-3).
23
Let u(m) = -2*m + 7. Let p be u(6). Let w = p + 12. Let t = 8 - 4. Calculate the remainder when w is divided by t.
3
What is the remainder when (2 + 1)/((-21)/(-364)) is divided by 18?
16
Calculate the remainder when 70 is divided by ((-135)/4)/(-3) + 6/8.
10
Suppose 3*i - 602 = d, 3*i + 2*d = -2*d + 592. Suppose -3*f - 2*f = -i. Let q = 33 + -19. Calculate the remainder when f is divided by q.
12
Suppose 0 = -9*v + 517 + 527. Calculate the remainder when v is divided by 24.
20
Let g = -7 + 13. What is the remainder when ((-4)/6)/(8/(-132)) is divided by g?
5
Suppose -12*z = -20*z + 208. Calculate the remainder when z is divided by 9.
8
What is the remainder when (-9)/(45/(-530)) - -1 is divided by 22?
19
Suppose 2*i - i - 33 = 5*r, i + 2*r = 5. What is the remainder when 50 is divided by i?
11
Let x(m) = 1 - 5*m - 2 - 4. Calculate the remainder when x(-4) is divided by (-6)/(-2)*(-16)/(-6).
7
Calculate the remainder when (0 - (-1)/2)*156 is divided by 20.
18
Suppose 2*i - 4*w = 3*i - 2, 4*w + 20 = 0. What is the remainder when 86 is divided by i?
20
Suppose -2*c + 20 = -5*l, -3*c + 2 = -2*l - 17. Suppose -4*h - 90 = -c*u + 67, 2*u - 2*h = 64. Calculate the remainder when u is divided by 15.
14
Let k = 26 - 21. Let n = -18 + 32. What is the remainder when n is divided by k?
4
Suppose -19 = -5*h - 4. Suppose 0 = h*d + 3, 2*x - 4*d - 29 = -5. Suppose b + 2 = 6. Calculate the remainder when x is divided by b.
2
Let y = 182 - 112. Calculate the remainder when y is divided by 8.
6
Suppose 5*h - 3*w - 325 = 0, h - w - 260 = -3*h. Calculate the remainder when h is divided by 18.
11
Let r(g) = 3*g + 5. What is the remainder when r(7) is divided by 9?
8
Let y be 4 + 9/((-36)/(-112)). Let d be (-1 - -2) + 23 + -2. Let z = y - d. Calculate the remainder when 29 is divided by z.
9
Let w(g) = 3*g**3 - 4*g**2 + 3*g - 2. Let r(p) = 25*p - 3. Let h be r(3). Suppose -3*a + h = a. What is the remainder when w(3) is divided by a?
16
Suppose -3*h + 8*h - 15 = 0. Suppose -h*f - 5*x = -15, 5*f + x - 25 = -4*x. Calculate the remainder when f is divided by 3.
2
Let d = -129 - -134. What is the remainder when 8 is divided by d?
3
Let h = -4 + 18. Suppose -w = w + 5*s + 18, 2*w + 4*s = -h. What is the remainder when w is divided by 1?
0
Suppose 1 + 3 = -2*z. Let a = z + 21. Let h = -567 - -574. Calculate the remainder when a is divided by h.
5
Suppose 0 = -15*d + 3*d + 180. Calculate the remainder when (-1)/1 + 1 - -58 is divided by d.
13
Suppose 3*c + 7 + 26 = 0. Let x = 17 + c. What is the remainder when (-8 - -11)*(-22)/(-6) is divided by x?
5
Let f(b) = b**2 + 2*b + 38. Suppose 5*x + 50 = 3*n, -3*n + n + 2*x = -36. What is the remainder when f(0) is divided by n?
18
Let k be (-32)/(-40)*5/2. Suppose 2*j + k*g = 92, -5*j - 40 = 3*g - 266. Suppose z + z = 30. Calculate the remainder when j is divided by z.
14
Let r = 100 - 67. Let o(w) = w**2 + 3*w - 37. Calculate the remainder when r is divided by o(-9).
16
Let a = 6 - 1. Let r(o) = o**3 - 2*o**2 - 6*o - 7. Let f(p) = 2*p**2 + 20. Calculate the remainder when r(a) is divided by f(0).
18
Let a = 6 - 2. Suppose 5*k + 5*x - 23 = 3*x, 2*k + 3*x - 7 = 0. What is the remainder when k is divided by a?
1
Let x be (-109)/4 - (-3)/(-4). Let w = -19 - x. Calculate the remainder when w is divided by 5.
4
Suppose 4*v = 8 - 0. Suppose -4*k = -v*k - 136. Calculate the remainder when k is divided by 23.
22
Suppose -o + 0 = -2. Suppose -2*n + v = -39, n + 4*v + 9 = o*n. What is the remainder when 41 is divided by n?
20
Let u(w) = w**2 - 6*w + 2. Suppose 2*l + 22 = 3*y, 0*l - 2*l = -4*y + 28. What is the remainder when 3 is divided by u(y)?
1
Suppose -5*m + 13 + 27 = 0. Let v(t) = t**2 - 7*t + 6. What is the remainder when v(m) is divided by (0 - 1) + (1 - -8)?
6
Let k = -73 - -177. Let g = -41 + k. Calculate the remainder when g is divided by 13.
11
Let s(v) = v**2 + 9*v + 3. Suppose -4*b - 35 = 5. Calculate the remainder when 23 is divided by s(b).
10
Suppose 4*l = 4*c + 104, 3*c = -2*l - 36 + 98. Calculate the remainder when 167 is divided by l.
27
Suppose 2 = i + 7. Let j = i - -6. What is the remainder when j is divided by 1?
0
Let w = -41 + 123. Suppose 3*k = 8 + w. Calculate the remainder when k is divided by 16.
14
Let a(m) = -m + 4. Let s be a(3). Suppose -2*d - 2*d + 4*l + 32 = 0, -5*l = 4*d - 59. What is the remainder when (-2*s)/((-6)/63) is divided by d?
10
Suppose 2*z = 2*p - 52, -5*z + 8*z = 2*p - 57. What is the remainder when 81 is divided by p?
18
Let j be 2/(-4)*(-1 + 1). Let w(l) be the second derivative of l**4/12 - l**3/6 + 9*l**2/2 + 3*l. Calculate the remainder when 16 is divided by w(j).
7
Let f(h) = h**2 - 5*h + 5. Suppose 0 = i + 4, -3*z + 2*i = -5*z. Calculate the remainder when f(6) is divided by z.
3
Let w = 6 + 3. What is the remainder when 24 is divided by w?
6
Suppose -i - i + 4*s + 8 = 0, 0 = -i - 3*s + 9. What is the remainder when 27 is divided by i?
3
Let k(c) = c**2 - 6*c - 3. Suppose 2*p + 2*p = 32. What is the remainder when 24 is divided by k(p)?
11
Let z(b) = b**2 - 1. Suppose 12 = 2*u - 2*f - 0, 2*u + 3*f = 22. What is the remainder when u is divided by z(2)?
2
Let x = 0 + 11. Suppose 2 - 12 = 5*i, p - x = -2*i. Calculate the remainder when p is divided by 4.
3
Let t = 36 - 15. Let m = 49 - t. Calculate the remainder when m is divided by 15.
13
Let j be 195/(-20) - (-1)/(-4). What is the remainder when 17/2 + 5/j is divided by 2 + 1 + 2 + -2?
2
Let u(n) = -n**3 - 3*n**2 + 3*n + 5. Let l be u(-4). Let p = l + 21. Calculate the remainder when p is divided by 8.
6
Let i(s) = s**3 - 5*s**2 - 3*s + 9. What is the remainder when i(6) is divided by 7?
6
Let m(f) = 33*f**2 + f - 1. Suppose 0 = -5*d + 3 + 2. Calculate the remainder when m(d) is divided by 18.
15
Suppose -3*v + 6*v - 27 = 0. Suppose -5*d + 1 = -v. Suppose 3*f + d*f = 15. What is the remainder when f is divided by 2?
1
Suppose 2*d = -4*m - 12, 2*m + 10 = 2. Calculate the remainder whe